 the highest common divisor of m and 65.
13
Let u(f) = 15*f**3 + 3*f**2 - 4*f + 2. Let a be u(2). Calculate the greatest common factor of 36 and a.
18
Suppose -2*g + 0 = -28. Suppose -v - 3*v - 64 = -4*i, -5*v = 10. What is the greatest common factor of g and i?
14
Let d(m) = 2 - 44*m**2 - 45*m**2 - m + 90*m**2. Let t be d(-5). Suppose v - 3 = 1. What is the highest common divisor of v and t?
4
Suppose 3*q = 4*q - 88. Let u(i) = -20*i - 7. Let x(b) = 10*b + 3. Let h(z) = 2*u(z) + 5*x(z). Let f be h(1). Calculate the highest common divisor of f and q.
11
Let x(z) = z**2 - 5*z - 2. Let i be x(6). Suppose -i*t + 31 = -149. Calculate the greatest common factor of t and 5.
5
Let f(c) = 3*c**2 - 5*c + 13. Let n be f(6). What is the greatest common factor of 13 and n?
13
Let b(j) = -35*j + 5. Let i be b(-6). Suppose -4*t + 5*q = -179, -4*t - 21 = -2*q - i. Calculate the greatest common divisor of t and 17.
17
Let r(l) = -l**2 + 6 - 6 - 9*l + 12. Let y be r(-10). Suppose -4*a + 4 = y*w + 2*w, 14 = 2*a - w. What is the greatest common factor of 10 and a?
5
Let s be (2/(-2))/(-1) - 8. Let b be (-2)/((7/6)/s). Let u = 210 + -78. What is the highest common factor of b and u?
12
Let o be 2 + -1 - (-24 - -1). What is the greatest common divisor of 12 and o?
12
Suppose 161 = 5*p + 51. What is the highest common divisor of 11 and p?
11
Suppose 3*f + 51 = 3*q, 0 = -3*q + q + f + 29. What is the highest common factor of q and 24?
12
Suppose -4*a - a + 20 = 0. Let n be a/20 + 18/10. Let p be n - (-9 - (4 + -2)). Calculate the greatest common divisor of p and 130.
13
Let h = 146 - -156. Suppose 2*g + 304 = 2*k, 2*k - 3*g = -0*k + h. Let b be 588/14*2*2/12. Calculate the highest common factor of k and b.
14
Let m(u) = -u**3 + 6*u**2 - 4*u + 3. Suppose 0*k - k + 3*p = 10, 0 = 5*k - 5*p. Let l be m(k). Calculate the highest common factor of l and 8.
8
Let p = 30 + -19. Calculate the greatest common divisor of p and 44.
11
Let x(w) = -2*w - 8. Let b be x(-7). Suppose 0 = -5*k + 14 + b. What is the greatest common divisor of 6 and k?
2
Let a(n) = n**2 + 9*n - 7. Let v be a(-11). Calculate the greatest common divisor of 165 and v.
15
Suppose -4*q - 438 = -530. Calculate the highest common factor of 46 and q.
23
Let w = -92 - -99. Let c(p) = p**3 - 5*p**2 - 5*p - 5. Let s be c(6). What is the highest common divisor of s and w?
1
Let j be (-6 + 10)*(-54)/(-8). Calculate the highest common divisor of 216 and j.
27
Suppose 2*m + m - 6 = 4*c, 3*c = -4*m - 17. Let h be (75 - (-2 - c)) + -2. Suppose 10*n - 71 = 9. Calculate the highest common divisor of n and h.
8
Suppose 0*s = 12*s - 36. What is the greatest common divisor of s and 2?
1
Suppose 3*n - 3*c - 30 = -0*n, 4*n - 3*c = 45. Let p = n - 8. What is the greatest common factor of p and 49?
7
Let m(g) = 26*g - 12. Let j be m(9). Suppose -j = -5*a + 73. Suppose a = 2*y + 3*c, -y - 2*c + 86 = 2*y. Calculate the highest common factor of 14 and y.
14
Let r be (-19)/5 + (-7)/35. Let z(x) = -6*x + 3. Let j be z(r). What is the greatest common divisor of j and 9?
9
Suppose p + 103 = m, 2*m - 204 = -3*p + 6*p. What is the highest common factor of 63 and m?
21
Suppose -367 = -4*y - b, -y - 2*b + 88 = -3*b. What is the highest common factor of 7 and y?
7
Suppose -g + 2*g + 3*r = 63, -3*r - 33 = -g. Calculate the highest common factor of g and 6.
6
Let s = -138 + 213. What is the highest common factor of 30 and s?
15
Suppose -9*l + 7*l + 44 = 0. Calculate the highest common divisor of 22 and l.
22
Let r(p) = -p**3 - 28*p**2 + 26*p - 12. Let d be r(-29). Suppose 5 = 4*w - 115. Calculate the highest common factor of d and w.
15
Let l be 3/(9/6 + -3). Let b be 21 + l + 1 + 1. What is the greatest common divisor of 21 and b?
21
Suppose 126 = i + 110. What is the highest common factor of i and 176?
16
Let f be -3 + (1/2 - (-1005)/6). Calculate the greatest common factor of f and 15.
15
Suppose -5*b = j - 103, 5*b - 3*b + 3*j = 49. What is the greatest common factor of b and 5?
5
Suppose 0 = 3*a + 3*j - 87, 3*a + 3*j = 5*j + 72. Let y = a + -18. What is the greatest common factor of 32 and y?
8
Let q(m) = -m**2 - 6*m - 5. Let g be q(-4). Let b = -3 + g. Let n be b + -1 + 1 + 28. Calculate the highest common divisor of n and 4.
4
Suppose 0 = -5*c + 23 + 2. Suppose 28 + 32 = c*m. Suppose k - 2*k + m = -o, 3*k - 4*o = 38. Calculate the greatest common factor of 50 and k.
10
Let z(o) be the second derivative of -o**5/20 + o**4 - 11*o**3/6 + 6*o**2 - 2*o. Let v be z(11). Calculate the highest common factor of 36 and v.
12
Suppose -j + 60 = 44. What is the highest common divisor of 8 and j?
8
Let c(a) = -a**2 + 9*a + 2. Let u(i) = 1 - 2 - i + 8. Let j be u(0). Let n be c(j). Calculate the highest common divisor of n and 40.
8
Suppose b + y - 47 = 33, 4*b = -5*y + 315. What is the highest common divisor of 17 and b?
17
Let i = -35 + 53. What is the greatest common factor of i and 3?
3
Suppose -56 = -4*q - 0*q. Let g = -4 - -47. Suppose -4*y + 13 = -g. Calculate the greatest common divisor of q and y.
14
Let v(m) = -m**2 - 4*m - 5. Let s be v(-4). Let u be 2/s + 1470/50. Let k = -16 + u. What is the highest common divisor of k and 26?
13
Suppose 4*y + 2*l - 4*l = 10, 0 = y + 3*l - 13. Calculate the greatest common factor of 10 and y.
2
Suppose -59 = -4*a - 19. Let i(l) = 51*l - 1. Let r(v) = v**2 + 8*v + 1. Let q be r(-8). Let s be i(q). What is the highest common divisor of s and a?
10
Let m be (21/5)/(2/20). Let w = -11 + 16. Suppose -7 - 26 = -5*k + 3*r, -4*r = w*k - 26. Calculate the greatest common factor of m and k.
6
Suppose 0 = 3*q + 2*q + 70. Let a = q + 18. Calculate the highest common divisor of a and 4.
4
Let t be (-9)/(-6)*2 + 5. What is the highest common factor of 32 and t?
8
Let u = 0 + 0. Suppose u*w + 5*w = 0. Suppose -3*a - 2*s + 107 = w, a + 0*a - 2*s = 25. Calculate the greatest common divisor of 22 and a.
11
Suppose 5*t = -s - 4, 5*s - 5*t = 8*s - 8. Calculate the greatest common divisor of s and 42.
6
Suppose 23*p = 19*p + 32. What is the greatest common divisor of p and 8?
8
Suppose -f = -3*y + 6*y - 24, 45 = 2*f + 3*y. Suppose -44 + 9 = -5*x. What is the highest common divisor of x and f?
7
Suppose 4*k - 23 = k + 5*o, 4*k + o = 46. Calculate the greatest common factor of k and 33.
11
Let x(y) = -10*y + 6. Let i be x(-9). What is the greatest common factor of i and 12?
12
Let y = 8 + -5. Suppose 0 = y*u - 82 - 128. Calculate the greatest common divisor of u and 10.
10
Suppose 13*j - 679 = 686. Let o be (1 - -1)*15/2. What is the greatest common factor of o and j?
15
Suppose -2*v - 1 = -3*v. Suppose -4*b - 8 = 0, -3*y + 26 = 2*y + 2*b. What is the greatest common factor of y and v?
1
Suppose 17*v - 277 = 148. What is the highest common divisor of v and 30?
5
Let t be (-242)/(-4)*(1 - 2/(-2)). What is the greatest common factor of t and 11?
11
Let z(j) = -j**3 + 9*j**2 - 6*j + 3. Let s be z(6). Let k be (2 - -2) + -1*2. Let g be 15 + k/(-4)*0. What is the highest common divisor of g and s?
15
Suppose -48 = -129*t + 125*t. What is the greatest common divisor of t and 192?
12
Let f = -18 + 30. What is the greatest common factor of f and 84?
12
Let c = 194 - 187. What is the greatest common divisor of 70 and c?
7
Let c = 37 - 29. What is the highest common factor of c and 48?
8
Let x be (-79 - -2)*(-1 + 2). Let f = -37 - x. What is the greatest common factor of 8 and f?
8
Suppose 5*h + 398 = 3*k, -8*k + 5*k - 3*h + 438 = 0. Calculate the highest common factor of 47 and k.
47
Let b be (4 + -1 + 2)/((-1)/(-3)). Calculate the greatest common divisor of b and 135.
15
Let v(k) = 3*k**2 - 7*k - 2. Let r be v(-5). Suppose 4*q - r = -0*q. Let g(s) = 3*s**2 + s - 1. Let z be g(1). What is the highest common divisor of z and q?
3
Suppose 2*w = 3 + 7. Suppose -2*a = -7*a - 4*k + 397, 0 = 3*a + w*k - 246. What is the greatest common factor of a and 7?
7
Suppose -p + i + 6 = 0, -27 = p - 5*p + 3*i. Suppose -3*a + 13 = 4. What is the greatest common factor of a and p?
3
Let u(a) = 3*a**2 + 35*a - 18. Let j be u(-13). Calculate the greatest common divisor of 34 and j.
34
Let k = 10 - 8. Suppose -2*u - 1170 = 4*m, 7*m + 20 = k*m. Let p = -390 - u. What is the highest common divisor of 17 and p?
17
Suppose -3*v + n + 54 = 4*n, -5 = 5*n. W